n 85 is divided by 26?
7
Calculate the remainder when 578 is divided by 153.
119
Calculate the remainder when 1168 is divided by 383.
19
Calculate the remainder when 1245 is divided by 32.
29
Calculate the remainder when 2959 is divided by 12.
7
Calculate the remainder when 813 is divided by 9.
3
Calculate the remainder when 18237 is divided by 228.
225
Calculate the remainder when 621 is divided by 105.
96
Calculate the remainder when 884 is divided by 59.
58
Calculate the remainder when 61 is divided by 36.
25
Calculate the remainder when 271 is divided by 21.
19
Calculate the remainder when 14036 is divided by 52.
48
Calculate the remainder when 514 is divided by 37.
33
What is the remainder when 202 is divided by 41?
38
Calculate the remainder when 431 is divided by 48.
47
What is the remainder when 181 is divided by 31?
26
Calculate the remainder when 1301 is divided by 216.
5
What is the remainder when 647 is divided by 634?
13
Calculate the remainder when 292 is divided by 99.
94
What is the remainder when 9992 is divided by 28?
24
Calculate the remainder when 78 is divided by 14.
8
Calculate the remainder when 250 is divided by 113.
24
What is the remainder when 217 is divided by 109?
108
What is the remainder when 8426 is divided by 156?
2
What is the remainder when 121 is divided by 34?
19
What is the remainder when 2700 is divided by 112?
12
What is the remainder when 689 is divided by 41?
33
Calculate the remainder when 345 is divided by 13.
7
Calculate the remainder when 1177 is divided by 235.
2
What is the remainder when 82 is divided by 23?
13
What is the remainder when 414 is divided by 386?
28
What is the remainder when 512 is divided by 2?
0
What is the remainder when 74 is divided by 35?
4
What is the remainder when 76 is divided by 38?
0
What is the remainder when 88 is divided by 57?
31
Calculate the remainder when 40 is divided by 38.
2
What is the remainder when 749 is divided by 69?
59
What is the remainder when 209 is divided by 18?
11
What is the remainder when 599 is divided by 87?
77
Calculate the remainder when 119 is divided by 10.
9
Calculate the remainder when 169 is divided by 129.
40
Calculate the remainder when 238 is divided by 79.
1
Calculate the remainder when 139 is divided by 27.
4
What is the remainder when 5186 is divided by 157?
5
What is the remainder when 393 is divided by 20?
13
Calculate the remainder when 94 is divided by 6.
4
What is the remainder when 11 is divided by 10?
1
What is the remainder when 107 is divided by 18?
17
Calculate the remainder when 1124 is divided by 49.
46
Calculate the remainder when 13 is divided by 5.
3
What is the remainder when 471 is divided by 464?
7
Calculate the remainder when 2063 is divided by 43.
42
What is the remainder when 2277 is divided by 17?
16
Calculate the remainder when 171 is divided by 145.
26
What is the remainder when 1881 is divided by 37?
31
What is the remainder when 777 is divided by 156?
153
Calculate the remainder when 95 is divided by 24.
23
What is the remainder when 2561 is divided by 42?
41
Calculate the remainder when 1091 is divided by 211.
36
Calculate the remainder when 160 is divided by 18.
16
Calculate the remainder when 161 is divided by 18.
17
Calculate the remainder when 202 is divided by 78.
46
Calculate the remainder when 237 is divided by 136.
101
Calculate the remainder when 88 is divided by 11.
0
What is the remainder when 65 is divided by 51?
14
What is the remainder when 292 is divided by 15?
7
Calculate the remainder when 699 is divided by 147.
111
Calculate the remainder when 56811 is divided by 17.
14
What is the remainder when 104 is divided by 65?
39
Calculate the remainder when 371 is divided by 3.
2
What is the remainder when 618 is divided by 34?
6
Calculate the remainder when 859 is divided by 172.
171
Calculate the remainder when 192 is divided by 7.
3
What is the remainder when 1845 is divided by 77?
74
What is the remainder when 142 is divided by 64?
14
What is the remainder when 18 is divided by 3?
0
Calculate the remainder when 130 is divided by 39.
13
Calculate the remainder when 7918 is divided by 9.
7
Calculate the remainder when 1282 is divided by 117.
112
What is the remainder when 47 is divided by 6?
5
Calculate the remainder when 101 is divided by 11.
2
Calculate the remainder when 213 is divided by 45.
33
Calculate the remainder when 341 is divided by 39.
29
Calculate the remainder when 669 is divided by 152.
61
Calculate the remainder when 398 is divided by 97.
10
Calculate the remainder when 48 is divided by 16.
0
Calculate the remainder when 217 is divided by 16.
9
What is the remainder when 397 is divided by 57?
55
What is the remainder when 2170 is divided by 25?
20
Calculate the remainder when 1407 is divided by 177.
168
Calculate the remainder when 367 is divided by 98.
73
Calculate the remainder when 221 is divided by 77.
67
Calculate the remainder when 1264 is divided by 141.
136
Calculate the remainder when 4245 is divided by 22.
21
What is the remainder when 116 is divided by 31?
23
Calculate the remainder when 982 is divided by 37.
20
What is the remainder when 1089 is divided by 84?
81
Calculate the remainder when 55 is divided by 20.
15
What is the remainder when 238 is divided by 40?
38
What is the remainder when 1414 is divided by 13?
10
Calculate the remainder when 162 is divided by 38.
10
What is the remainder when 2157 is divided by 6?
3
What is the remainder when 753 is divided by 190?
183
Calculate the remainder when 4888 is divided by 89.
82
What is the remainder when 236 is divided by 7?
5
What is the remainder when 5422 is divided by 17?
16
What is the remainder when 446 is divided by 35?
26
Calculate the remainder when 4637 is divided by 58.
55
Calculate the remainder when 851 is divided by 4.
3
Calculate the remainder when 24 is divided by 18.
6
Calculate the remainder when 1536 is divided by 448.
192
What is the remainder when 401 is divided by 64?
17
Calculate the remainder when 352 is divided by 89.
85
Calculate the remainder when 808 is divided by 54.
52
Calculate the remainder when 21369 is divided by 71.
69
Calculate the remainder when 1360 is divided by 443.
31
What is the remainder when 7712 is divided by 133?
131
What is the remainder when 327 is divided by 56?
47
Calculate the remainder when 396 is divided by 133.
130
Calculate the remainder when 50 is divided by 30.
20
Calculate the remainder when 163 is divided by 17.
10
What is the remainder when 869 is divided by 124?
1
What is the remainder when 16413 is divided by 19?
16
Calculate the remainder when 123 is divided by 31.
30
What is the remainder when 82 is divided by 14?
12
What is the remainder when 701 is divided by 39?
38
Calculate the remainder when 2197 is divided by 14.
13
What is the remainder when 2201 is divided by 129?
8
What is the remainder when 54 is divided by 21?
12
Calculate the remainder when 587 is divided by 121.
103
Calculate the remainder when 586 is divided by 42.
40
What is the remainder when 164 is divided by 29?
19
What is the remainder when 59 is divided by 3?
2
Calculate the remainder when 967 is divided by 8.
7
What is the remainder when 11 is divided by 7?
4
What is the remainder when 264 is divided by 27?
21
What is the remainder when 479 is divided by 40?
39
What is the remainder when 285 is divided by 56?
5
What is the remainder when 794 is divided by 28?
10
What is the remainder when 295 is divided by 67?
27
Calculate the remainder when 1884 is divided by 898.
88
Calculate the remainder when 30 is divided by 8.
6
What is the remainder when 141 is divided by 21?
15
What is the remainder when 344 is divided by 133?
78
Calculate the remainder when 137 is divided by 39.
20
Calculate the remainder when 5660 is divided by 132.
116
What is the remainder when 1628 is divided by 181?
180
What is the remainder when 908 is divided by 26?
24
Calculate the remainder when 118 is divided by 34.
16
What is the remainder when 1195 is divided by 60?
55
What is the remainder when 294 is divided by 31?
15
Calculate the remainder when 43 is divided by 1.
0
Calculate the remainder when 1836 is divided by 382.
308
Calculate the remainder when 405 is divided by 104.
93
What is the remainder wh